se 8*r = 13*r + 155. Let o(h) = -h**3 - 32*h**2 - 40*h - 18. What is the hundreds digit of o(r)?
2
Suppose -212 = -5*d + 58. Let n = 56 - d. Suppose -n*s + 126 = -2*q, -7*s = -2*s + 5*q - 275. What is the units digit of s?
9
Let t(r) = -84*r - 54. Suppose 5*j - 5 = 6*j. Let k be t(j). Suppose 9*o - 6*o = k. What is the units digit of o?
2
What is the tens digit of (-5 + 1)/(-12)*0 - -2293?
9
Let f = 88 - 68. Let k = -53 - -160. Let b = k + f. What is the hundreds digit of b?
1
What is the units digit of (9644 - -11) + 14 - -11?
0
Suppose -4*c + o + 10517 = 0, -4*c + 5*o = 2692 - 13229. Suppose 0 = 7*p - 4*p - c. What is the hundreds digit of p?
8
Let k(h) = -8*h + 54. Let c be k(7). Let m be (c + 10/2)/(-4 + 5). What is the tens digit of -3 + 53 - (-2 - (m - 1))?
5
What is the tens digit of (-18467 - -4)*3*(-5)/15?
6
Let g(l) = -534*l**3 + 4*l**2 - 9*l - 15. What is the thousands digit of g(-2)?
4
Let f(b) = -991*b + 6134. What is the thousands digit of f(-9)?
5
Let r(c) = -9*c - 6*c**2 - 2 + 7*c + 10*c**2 - 6*c**3 - 8. What is the tens digit of r(-4)?
4
Suppose 3*s - 2*k - 43316 = 90484, 2*s = k + 89199. What is the ten thousands digit of s?
4
Let u = -1744 + 3171. Suppose -6*f - 257 = -u. What is the tens digit of 30/f + (-2128)/(-26)?
8
What is the tens digit of 2273787/90 - (-6)/(-20)?
6
Let a be (-1)/(-3) - 70/(-15). Suppose 0 = -a*n - 588 + 2403. Suppose 97 + n = 5*k. What is the tens digit of k?
9
Let w = -201 + 156. What is the units digit of (-1)/9 + (-9410)/w?
9
Let m(w) = -35*w - 16. Let x = -40 - -33. What is the hundreds digit of m(x)?
2
Let c = 212 + -219. What is the units digit of (-3145)/c + 104/28 + -4?
9
Suppose 121*y - 123*y - 4*i + 16346 = 0, 3*y - 3*i = 24555. What is the tens digit of y?
8
Let g be (3/(-1))/(0 - (-12)/(-212)). Suppose 54*d - g*d = 477. What is the hundreds digit of d?
4
What is the units digit of 20 + 2365181/56 + (42/16 - 3)?
5
Suppose -3*o + 4 = -2*o - 5*l, -2*o = 5*l - 8. Suppose -o*q = -503 - 49. What is the hundreds digit of q?
1
Let a = -50977 - -75914. What is the units digit of a?
7
What is the tens digit of 3 - (-4 + (2 - 14754))?
5
Let s be -6*(-15)/27*(-18)/(-12). Suppose -4*t - g + 120 = -611, s*t + 2*g = 916. What is the hundreds digit of t?
1
Suppose -275*o - 7*l = -273*o - 136007, 2*l - 68014 = -o. What is the hundreds digit of o?
0
Let b be 1*19 + -23 + 23. Let j(o) = 21*o**2 - 3*o**2 - o**3 + 14 - 12 + b. What is the tens digit of j(18)?
2
Suppose -679*j = -680*j + 9802. What is the hundreds digit of j?
8
Let b = -1210 + 1204. Let j(o) be the third derivative of -7*o**4/12 + o**2. What is the tens digit of j(b)?
8
Let y = 1 - 3. Let x(m) be the first derivative of -87*m**2/2 + 5*m - 1906. What is the tens digit of x(y)?
7
Let m(u) = -3*u - 10 - u - 15 + 3*u. Let l be m(-24). What is the tens digit of (-223)/(-7) - (4/l)/28?
3
Suppose 0 = -5*v + m + 11, 2*v + 2*m + 14 = 7*m. Let y be (-20)/90 + (-101)/(-9). Suppose v*p + 40 = y*p. What is the units digit of p?
5
Let v(n) = 3781*n**2 + 197*n - 580. What is the thousands digit of v(3)?
4
Let c(v) be the second derivative of -3*v**3/2 + 129*v**2/2 + 22*v. What is the hundreds digit of c(-18)?
2
Let u(k) = 105*k**2 - 559*k + 66. What is the tens digit of u(-14)?
7
Suppose -105*c - 4*c = -22*c - 258303. What is the thousands digit of c?
2
Suppose -q = 3*q - 5*y, 2*y = 2*q. Suppose q = 39*r - 43*r + 604. What is the tens digit of r?
5
What is the tens digit of 9/(405/10) + (-6230600)/(-450)?
4
Suppose -d + 2*c - 4 = 0, 4*c = 2 - 6. Suppose -793 + 799 = 3*k. What is the tens digit of 1 + d/k + 71?
6
Suppose 3*r - 6 - 8 = -m, m - 5*r = -2. Let y = -169 + m. What is the units digit of (-5359)/y + (-1 - 5/(-7))?
3
Let l = 1968 - -889. Suppose -3*u = -2*n - 2160, 0 = -4*u + 5*n - 10*n + l. What is the hundreds digit of u?
7
Suppose -29665 = 11*s - 136145. What is the units digit of s?
0
Let j = 2266 + -1584. Suppose -4*v + l = -l - j, -5*l = -v + 148. What is the hundreds digit of v?
1
Suppose -3*s - 1895 = 2*s - 4*u, -10 = -2*u. Let l = -233 - s. What is the tens digit of l?
4
Suppose 4*f + 17*l - 28948 = 19*l, -36185 = -5*f - l. What is the tens digit of f?
3
Let s(y) = 15*y - 13. Let t be s(7). Suppose p = -z + 2*p + t, 5*p = 4*z - 372. Let w = z - 49. What is the units digit of w?
9
Suppose 4*r + n = 4*n + 9, 5*r + 4*n + 12 = 0. What is the hundreds digit of (r - 35/28)*-240?
3
Let g be 176/(-10) + 1 - 144/(-240). Let r = g - -64. What is the tens digit of r?
4
Suppose 0 = -4*r - j + 2684, 3*r = 8*r + 4*j - 3366. Suppose 0 = 6*z - 2*z + 5*q + r, -4*z - 666 = 3*q. Let m = 16 - z. What is the units digit of m?
1
Let f(n) = -n**3 + 80*n**2 + 14*n + 895. What is the ten thousands digit of f(67)?
6
Let r = -24134 - -42637. What is the tens digit of r?
0
Let s(d) = -13*d**3 - 4*d**2 + 6*d - 13. Let u be s(4). What is the units digit of u*(5 + 96/(-18))?
5
Suppose 5*z - 31391 + 2751 = 35075. What is the tens digit of z?
4
Suppose 21*k - 19*k = l - 1725, -3*l + 5*k = -5172. Let s = -794 + l. What is the tens digit of s?
2
Let v = 45545 + -31859. What is the hundreds digit of v?
6
Let w(f) = 3301 - 4*f**3 - 12*f + 19*f**2 - 3289 + 5*f**3. What is the hundreds digit of w(-9)?
9
Let f(h) be the second derivative of h**5/20 + 13*h**4/12 + h**3/3 - 73*h**2/2 + 202*h. What is the tens digit of f(-9)?
3
Suppose -3*s = 3*o - 17490, 7*o - 3*o - 11668 = -2*s. What is the units digit of s?
6
Let o(h) = 20*h**2 + 137*h + 2970. What is the hundreds digit of o(-26)?
9
Let m(l) = -l**2 + 19*l - 23. Let q be m(18). Let f = 65 + q. Suppose 3*g - 282 = f. What is the hundreds digit of g?
1
What is the hundreds digit of (-4)/42*-3 - 90846036/(-3402)?
7
What is the tens digit of -5 + 0 - 3/(60/(-126460))?
1
Let n = 81 + -121. What is the units digit of (n/24)/((-2)/1146)?
5
Suppose -91994 = -4*f - 3*h, -2*h - 27 = -31. What is the ten thousands digit of f?
2
Let u = -87 - -53. Let h(g) = -2*g**2 - 6*g - 6. Let l be h(-1). What is the units digit of -3 + (u - -1)*l?
3
Suppose -i - 4*p + 25810 = 0, 223*p = -3*i + 221*p + 77500. What is the ten thousands digit of i?
2
Let y = 5031 + 10579. What is the units digit of y?
0
Let p = 59 - 65. Let i be 2 - (-80 - -3) - (p - -3). Suppose 76*o + 1008 = i*o. What is the tens digit of o?
6
Suppose -5*j = -5*i - 67645, -54156 = -4*j + 6*i - 12*i. What is the thousands digit of j?
3
Let f(d) = 131*d + 4. Let l(u) = 43*u + 1. Let r(j) = -6*f(j) + 21*l(j). What is the units digit of r(3)?
8
Let l = -3713 - -9718. Suppose -3*v + 3555 = -3*d, d + l = 5*v + 80. What is the hundreds digit of v?
1
Let u = -143 + 139. Let v be (-32)/u + 4 + -4. What is the tens digit of -6*(-45 + (v - 5))?
5
Let c(v) = -7*v + 2. Let k(d) = d**3 - 8*d**2 + 8*d - 2. Let h be k(7). Suppose -4*o - 12 = -2*o - w, 3*w = -h*o - 8. What is the units digit of c(o)?
0
Let k be (-3)/(-2)*(-2)/(-3). Let v be (657/(-12))/(k/4). What is the units digit of (36/27)/((-2)/v)?
6
Let v = 9871 - 6433. What is the units digit of v?
8
Let j be 4/7*3*21/18. Let p(h) = -h**2 + 6*h. Let m be p(6). Suppose -j*q + 159 - 51 = m. What is the units digit of q?
4
Suppose -2*t + 76 = 2*l, l - 3*l = 3*t - 72. Suppose -l = -19*q + 34. What is the units digit of q?
4
Let o(g) = 28*g + 1863. What is the hundreds digit of o(15)?
2
Let x = 272 - 157. Suppose 379 = 2*y - x. What is the hundreds digit of y?
2
Let n(c) be the second derivative of -166*c**3/3 + 23*c. Let w be n(-1). Let o = w - 149. What is the tens digit of o?
8
Suppose -3*d = 4*h - 908, -3*d - 2*d + 900 = 4*h. Suppose -13*x + 11*x = -h. Suppose -5*a + x = -45. What is the tens digit of a?
3
Let a(c) = c**3 - 7*c**2 - 6*c - 11. Let x be a(14). Suppose -x = -2*f - 3*v, -2*f + f - v + 640 = 0. What is the units digit of f?
3
Let t(f) = 200*f**3 + 7*f**2 - 53*f - 7. What is the tens digit of t(4)?
9
Suppose f - 2*i + 242 = 0, -4*i - 209 = -3*f - 933. Let l be 4/18 - f/135 - -5. Suppose 4*p + 4*k = 104, l*k - 2*k + 62 = 3*p. What is the units digit of p?
4
Let u(k) be the second derivative of 7/6*k**3 - 15*k + 0 + 1/4*k**4 - 9/2*k**2. What is the units digit of u(4)?
7
Suppose 4*z + 8 = 0, -z + 16886 = 4*j + 4*z. Suppose -23*o + j = -7*o. What is the units digit of o?
4
Let q(w) = w**3 + 9*w**2 + 6*w - 5. Let x be q(-8). Let f(d) be t